oes 21 divide 49360?
False
Does 20 divide 3656300?
True
Is 75614 a multiple of 244?
False
Is 41 a factor of 7571916?
False
Is 118208 a multiple of 32?
True
Does 127 divide 25628727?
True
Is 372908 a multiple of 18?
False
Is 87567 a multiple of 39?
False
Is 9535520 a multiple of 305?
True
Is 72498 a multiple of 129?
True
Does 38 divide 2004918?
True
Is 20 a factor of 135340?
True
Is 15 a factor of 52146?
False
Is 7 a factor of 148428?
True
Does 588 divide 198744?
True
Does 1451 divide 24114831?
False
Is 251548 a multiple of 11?
True
Does 19 divide 987336?
False
Does 89 divide 147099?
False
Is 30304 a multiple of 8?
True
Does 4 divide 170992?
True
Is 43 a factor of 6752548?
True
Does 101 divide 1940857?
False
Does 241 divide 1284530?
True
Is 567 a factor of 327175?
False
Is 75069 a multiple of 203?
False
Is 109 a factor of 245250?
True
Is 41 a factor of 633521?
False
Is 82 a factor of 124215?
False
Is 413 a factor of 7958923?
True
Is 285851 a multiple of 70?
False
Is 1076078 a multiple of 23?
True
Is 166 a factor of 10662844?
True
Is 529875 a multiple of 45?
True
Is 61 a factor of 277611?
True
Is 6 a factor of 17161?
False
Is 3816 a multiple of 18?
True
Does 10 divide 538722?
False
Is 6 a factor of 207277?
False
Is 57 a factor of 8530485?
False
Does 23 divide 1656069?
True
Does 188 divide 2820?
True
Is 112 a factor of 980947?
False
Does 8 divide 15618?
False
Does 8 divide 190200?
True
Is 782212 a multiple of 291?
False
Does 12 divide 1296386?
False
Is 5 a factor of 239893?
False
Is 7 a factor of 5283890?
False
Is 61 a factor of 18251017?
True
Does 2557 divide 16670660?
False
Does 93 divide 1336131?
True
Is 607 a factor of 3566429?
False
Is 151723 a multiple of 412?
False
Is 779820 a multiple of 634?
True
Does 16 divide 560733?
False
Is 254 a factor of 6349492?
True
Is 61 a factor of 1048387?
False
Is 11 a factor of 11143?
True
Is 49 a factor of 849903?
False
Does 944 divide 1761737?
False
Is 4865574 a multiple of 651?
True
Is 61952 a multiple of 588?
False
Is 5 a factor of 1020911?
False
Is 5761511 a multiple of 181?
False
Does 70 divide 3932320?
True
Does 41 divide 16549?
False
Does 8 divide 104053?
False
Does 1471 divide 428061?
True
Is 197 a factor of 6800637?
True
Does 1002 divide 8690394?
False
Is 709728 a multiple of 32?
True
Is 3 a factor of 45243?
True
Is 952308 a multiple of 36?
True
Is 2155257 a multiple of 9?
True
Does 32 divide 261408?
True
Does 1006 divide 3585014?
False
Is 16774771 a multiple of 15?
False
Is 202 a factor of 193314?
True
Is 11391404 a multiple of 36?
False
Is 1201 a multiple of 4?
False
Is 659 a factor of 2152294?
True
Is 29780054 a multiple of 21?
False
Is 1865110 a multiple of 1775?
False
Is 554143 a multiple of 117?
False
Is 21 a factor of 4087722?
False
Is 273199 a multiple of 15?
False
Is 250 a factor of 4498500?
True
Does 845 divide 3409575?
True
Is 147 a factor of 3047163?
True
Is 77 a factor of 350812?
True
Does 274 divide 2048332?
False
Is 845910 a multiple of 482?
True
Is 5073380 a multiple of 790?
True
Is 35 a factor of 32159?
False
Is 11 a factor of 1771617?
False
Is 77688 a multiple of 12?
True
Does 481 divide 1651754?
True
Does 1196 divide 1014208?
True
Is 109 a factor of 204935?
False
Does 279 divide 1290933?
True
Is 441403 a multiple of 52?
False
Does 266 divide 160696?
False
Does 88 divide 1758680?
True
Is 374 a factor of 335852?
True
Is 131355 a multiple of 280?
False
Does 160 divide 458307?
False
Does 105 divide 486471?
False
Is 21105509 a multiple of 153?
False
Is 85 a factor of 492745?
True
Does 35 divide 179149?
False
Does 33 divide 172623?
True
Is 18 a factor of 296280?
True
Does 469 divide 2747402?
True
Is 27 a factor of 152820?
True
Is 6278 a multiple of 3?
False
Is 10887291 a multiple of 16?
False
Is 918203 a multiple of 143?
True
Is 67 a factor of 16327?
False
Is 1372 a multiple of 6?
False
Is 1671264 a multiple of 72?
True
Does 216 divide 51408?
True
Is 2208428 a multiple of 655?
False
Is 129883 a multiple of 134?
False
Is 12 a factor of 6545?
False
Does 41 divide 343047?
True
Does 57 divide 46888?
False
Does 40 divide 2154970?
False
Is 3346155 a multiple of 4?
False
Does 682 divide 96162?
True
Does 27 divide 148751?
False
Is 472292 a multiple of 47?
False
Does 81 divide 871055?
False
Is 1369733 a multiple of 182?
False
Is 66 a factor of 303028?
False
Is 32 a factor of 177792?
True
Is 9701616 a multiple of 563?
True
Does 105 divide 3189602?
False
Is 1375082 a multiple of 116?
False
Does 8 divide 467945?
False
Is 377223 a multiple of 21?
True
Is 4 a factor of 10214?
False
Is 724 a factor of 938304?
True
Is 2789188 a multiple of 742?
False
Is 1587754 a multiple of 266?
True
Is 56 a factor of 1116709?
False
Is 75 a factor of 14384?
False
Does 73 divide 13608003?
True
Does 49 divide 2975170?
False
Does 2 divide 7177?
False
Is 854 a factor of 8450877?
False
Is 783223 a multiple of 176?
False
Is 14 a factor of 227781?
False
Does 12 divide 971880?
True
Is 18993028 a multiple of 29?
True
Is 30 a factor of 691528?
False
Is 313292 a multiple of 8?
False
Is 59 a factor of 23017?
False
Does 5 divide 104076?
False
Is 46956 a multiple of 10?
False
Does 78 divide 11127792?
True
Does 10 divide 2994?
False
Does 101 divide 1446296?
False
Does 247 divide 5319236?
False
Is 320620 a multiple of 92?
True
Is 2065163 a multiple of 8?
False
Is 29 a factor of 7157?
False
Is 1217569 a multiple of 9?
False
Does 226 divide 899146?
False
Is 6 a factor of 1607826?
True
Is 20 a factor of 2860182?
False
Does 77 divide 1208877?
False
Is 11 a factor of 53988?
True
Does 25 divide 5010412?
False
Is 3808662 a multiple of 193?
True
Is 36 a factor of 2349068?
False
Is 74000 a multiple of 185?
True
Does 8 divide 68504?
True
Is 85167 a multiple of 9?
True
Does 91 divide 2455726?
True
Is 15 a factor of 668556?
False
Is 1025058 a multiple of 196?
False
Is 415584 a multiple of 144?
True
Is 6320871 a multiple of 387?
True
Is 10 a factor of 170440?
True
Is 118254 a multiple of 5?
False
Is 11 a factor of 678645?
True
Is 80884 a multiple of 554?
True
Is 137784 a multiple of 182?
False
Does 16 divide 3941680?
True
Is 7 a factor of 117222?
True
Is 7 a factor of 1969843?
False
Is 175 a factor of 6695622?
False
Does 160 divide 3210400?
True
Is 14 a factor of 192508?
False
Is 5 a factor of 240290?
True
Is 523274 a multiple of 4?
False
Is 2567740 a multiple of 7?
True
Does 6 divide 705530?
False
Is 76330 a multiple of 356?
False
Is 8990 a multiple of 11?
False
Is 61 a factor of 192389?
False
Does 148 divide 5797900?
True
Does 16 divide 12873487?
False
Does 213 divide 5151855?
False
Does 190 divide 186833?
False
Is 25 a factor of 34550?
True
Is 2235330 a multiple of 487?
True
Does 1064 divide 11104760?
False
Is 13 a factor of 4228172?
True
Is 553469 a multiple of 4?
False
Does 334 divide 371159?
False
Is 159912 a multiple of 160?
False
Does 3 divide 5691166?
False
Is 6 a factor of 55530?
True
Is 44046 a multiple of 254?
False
Is 3 a factor of 55166?
False
Does 961 divide 11173547?
True
Is 22588885 a multiple of 8?
False
Is 35 a factor of 1244502?
False
Is 338 a factor of 1321242?
True
Is 962 a factor of 3148676?
False
Is 1381732 a multiple of 124?
True
Is 393203 a multiple of 59?
False
Is 279740 a multiple of 142?
True
Is 124208 a multiple of 8?
True
Is 2907589 a multiple of 5?
False
Does 7 divide 144304?
False
Does 4 divide 582615?
False
Does 79 divide 65489?
False
Does 3 divide 7523?
False
Is 8570808 a multiple of 23?
False
Is 274 a factor of 128232?
True
Is 14585705 a multiple of 107?
True
Is 34736 a multiple of 11?
False
Is 17 a factor of 46495?
True
Does 445 divide 8622765?
True
Is 8235593 a multiple of 1095?
False
Is 956 a factor of 686262?
False
Is 15 a factor of 4152720?
True
Is 131 a factor of 1907360?
True
Is 468 a factor of 4608214?
False
Is 2 a factor of 18300?
True
Is 1692180 a multiple of 6?
True
Is 4232534 a multiple of 206?
False
Is 115016 a multiple of 127?
False
Is 81 a factor of 1282635?
True
Is 37927 a multiple of 8?
False
Does 23 divide 2907420?
False
Is 707560 a multiple of 370?
False
Is 10 a factor of 2318500?
True
Does 19 divide 175812?
False
Is 20 a factor of 1060840?
True
Does 69 divide 78371?
False
Is 3810 a multiple of 3?
True
Is 205665 a multiple of 5?
True
Does 1476 divide 15710544?
True
Does 67 divide 159048